g**2 - 16608*g + 16813570. Determine q(1083).
-5
Let k(d) = -d**2 - 218*d - 11742. What is k(-121)?
-5
Let j(z) = -15*z**3 - 1186*z**2 - 98*z - 630. Determine j(-79).
871
Let l(w) = 306*w - 10132. Give l(33).
-34
Let t(u) = -398434*u - 2789051. What is t(-7)?
-13
Let z(x) = -2*x**3 - 382*x**2 + 8*x + 1520. Determine z(-191).
-8
Let i(a) = 112857*a - 112876. Determine i(1).
-19
Let f(x) = x**3 - 335*x**2 + 5932*x + 22732. Give f(316).
-20
Let o(s) = -607*s + 9906. Determine o(16).
194
Let f(u) = 18386*u + 91928. Determine f(-5).
-2
Let q(y) = 2*y**3 + 36*y**2 + 104*y + 28. Calculate q(-14).
140
Let k(s) = 9607*s - 57684. Determine k(6).
-42
Let y(r) = 90*r**2 + 4672*r - 28011. Calculate y(6).
3261
Let p(c) = -c**3 + 142*c**2 + 14815*c + 5285. What is p(212)?
-15
Let n(r) = r**3 + 38*r**2 - 146*r - 682. Determine n(-41).
261
Let m(n) = -n**2 - 273*n - 981. Give m(-266).
881
Let r(w) = -16*w**2 - 752*w + 2232. Give r(3).
-168
Let p(k) = -k**2 - 13477*k + 13470. Calculate p(1).
-8
Let d(a) = 5416*a - 270806. Give d(50).
-6
Let t(r) = -r**3 - 350*r**2 - 12916*r + 873. Give t(-42).
33
Let z(n) = n**3 + 18*n**2 - 760*n - 14028. What is z(-19)?
51
Let m(r) = -17*r**2 + 3482*r + 8024. What is m(207)?
365
Let m(b) = 54984*b**3 + 384890*b**2 + 12*b - 13. Determine m(-7).
1
Let j(t) = 3*t**2 + 716*t + 15506. Determine j(-24).
50
Let b(n) = 14*n**2 + 1427*n + 28932. What is b(-74)?
-2
Let i(r) = 2042*r - 36646. What is i(18)?
110
Let y(m) = 13*m**3 + 5*m**2 - 2*m - 65. Calculate y(-3).
-365
Let f(g) = 9781*g + 78345. Calculate f(-8).
97
Let s(f) = 17249*f - 206926. Calculate s(12).
62
Let s(n) = -n**3 - 686*n**2 - 3438*n - 22282. Calculate s(-681).
191
Let d(n) = n**3 + 97*n**2 + 1288*n + 147122. Determine d(-99).
8
Let a(n) = 285815*n - 4001411. Determine a(14).
-1
Let d(q) = -10*q**3 + 881*q**2 - 87*q - 32. Determine d(88).
56
Let c(p) = -28*p**2 + 19*p + 780. Give c(-5).
-15
Let j(o) = 78*o**2 - 889*o - 14. Calculate j(11).
-355
Let i(l) = 11*l**2 - 2735*l + 685. Determine i(249).
1681
Let x(d) = 5*d**2 + 4171*d - 62860. Calculate x(-849).
-34
Let o(q) = -122*q**2 + 92. Give o(0).
92
Let l(q) = 1306*q + 5780. Calculate l(-4).
556
Let z(n) = 52144*n - 5683706. Give z(109).
-10
Let n(q) = -124157*q - 248308. Calculate n(-2).
6
Let m(q) = 6*q**2 + 670*q - 3519. Determine m(5).
-19
Let m(q) = -52*q**2 + 3902*q - 607. What is m(75)?
-457
Let s(o) = 811*o**2 - 32397*o - 1547. Calculate s(40).
173
Let x(j) = -3*j**3 + 18*j**2 + 94*j - 756. What is x(9)?
-639
Let y(b) = 14678*b - 2245685. What is y(153)?
49
Let v(m) = 31*m**2 + 556*m + 432. Determine v(-17).
-61
Let y(l) = 23*l**2 + 4785*l - 110. Give y(-208).
-318
Let t(h) = -175*h + 2005. Calculate t(23).
-2020
Let i(h) = 96*h**2 + 7*h - 2. Give i(4).
1562
Let d(b) = -37*b**3 + 259*b**2 + 3*b - 27. Determine d(7).
-6
Let u(v) = 11*v**3 - 602*v**2 - 98*v - 3676. Calculate u(55).
9
Let q(f) = -14*f**3 - 237*f**2 + 38*f + 142. Determine q(-17).
-215
Let y(i) = 162*i**2 - 937*i - 183. Calculate y(6).
27
Let k(a) = -7*a**2 - 58*a + 4278. Determine k(21).
-27
Let p(l) = -5241*l - 10511. Give p(-2).
-29
Let z(v) = -v**3 - 67*v**2 + 139*v - 16. What is z(-69)?
-85
Let h(x) = -14*x**2 + 2472*x - 20187. Determine h(168).
-27
Let c(m) = 3*m**2 - 629*m + 24864. Give c(156).
-252
Let z(x) = -2*x**2 + 4193*x + 123285. Give z(-29).
6
Let d(k) = k**3 - 524*k**2 - 7981*k - 56045. What is d(539)?
11
Let i(m) = m**3 + 39*m**2 + 293*m + 13306. What is i(-40)?
-14
Let u(c) = -3*c**3 - 587*c**2 + 5002*c - 20002. Give u(-204).
-10
Let l(o) = -37*o**3 + 7778*o**2 - 1701*o + 4423. What is l(210)?
13
Let b(a) = -a**3 + 4*a**2 - 55414*a + 388049. Give b(7).
4
Let p(t) = 36*t**2 - 342*t - 55. What is p(10)?
125
Let v(g) = -228430*g + 2. Give v(0).
2
Let m(l) = 2*l**3 - 42*l**2 - 143*l - 6953. Calculate m(28).
19
Let v(b) = -6*b**3 + 22*b**2 + 642*b - 2537. Give v(4).
-1
Let s(l) = -1132*l - 7499. Determine s(-6).
-707
Let m(k) = -k**3 + 100*k**2 + 213*k - 909. What is m(102)?
9
Let m(d) = -325*d**2 + 1454*d + 22. Calculate m(5).
-833
Let g(v) = 6*v**2 + 113*v - 2495. Determine g(13).
-12
Let i(l) = 104*l - 4702. Determine i(46).
82
Let i(h) = 20*h**2 - 1065*h + 271. What is i(53)?
6
Let c(p) = 1870*p - 334712. Calculate c(179).
18
Let r(y) = 1360*y**2 + 4077*y - 13. Determine r(-3).
-4
Let m(r) = -r**2 + 234*r - 812. Determine m(4).
108
Let d(m) = -4*m**2 - 395*m - 758. Determine d(-97).
-79
Let k(q) = 2039*q + 177397. Calculate k(-87).
4
Let u(o) = -o**2 - 4997*o - 30062. Give u(-6).
-116
Let w(b) = 15*b**2 + 3068*b - 306339. What is w(-278)?
17
Let f(h) = 128521*h + 128636. What is f(-1)?
115
Let t(h) = -2407*h - 149255. Calculate t(-62).
-21
Let k(p) = -289*p**2 + 5767*p + 14. Calculate k(20).
-246
Let p(k) = -k**3 + 12*k**2 + 9474*k - 203594. Determine p(22).
-6
Let a(p) = 1249*p - 793124. What is a(635)?
-9
Let t(w) = 2*w**3 + 6*w**2 - 136*w + 20. Give t(-11).
-420
Let s(n) = n**3 - 338*n**2 - 16388*n - 208. Give s(-43).
7
Let f(h) = 2*h**3 + 62*h**2 + 253*h - 4. Calculate f(-8).
916
Let z(k) = -20703*k + 144981. Give z(7).
60
Let b(j) = -14*j - 3372. What is b(-156)?
-1188
Let a(v) = -3*v**2 + 1582*v - 73309. Give a(476).
-5
Let p(a) = 50494*a + 12421527. Calculate p(-246).
3
Let d(j) = 4*j**3 - 31*j**2 - 6*j. What is d(8)?
16
Let a(r) = 253*r**2 + 891*r + 890. Calculate a(-1).
252
Let u(v) = -84*v**2 - 1881*v + 7. Determine u(-23).
-1166
Let x(h) = 4067*h - 2521547. Calculate x(620).
-7
Let f(r) = 10*r**2 + 6679*r - 40981. Calculate f(-674).
133
Let r(j) = 6*j**3 - 1254*j**2 - 5*j + 1011. What is r(209)?
-34
Let d(w) = 443920*w + 1775867. Calculate d(-4).
187
Let w(r) = -r**3 - 40*r**2 + 239*r + 629. What is w(-45)?
-1
Let l(i) = 19878*i + 3001581. Determine l(-151).
3
Let i(q) = -19*q**2 + 10057*q - 3180. Determine i(529).
-6
Let h(z) = z**3 - 20*z**2 + 67*z - 705. What is h(19)?
207
Let t(a) = a**3 + 64*a**2 + 264*a + 21408. Calculate t(-65).
23
Let q(f) = 9*f**2 + 306*f + 1896. Determine q(-8).
24
Let p(g) = 577*g - 34170. Determine p(60).
450
Let c(i) = -83*i**2 + 29787*i + 3592. Give c(359).
2
Let g(y) = 1004*y**2 + 39159*y + 26. Determine g(-39).
-91
Let i(t) = 38*t**2 + 195*t - 794. Calculate i(4).
594
Let s(o) = 2*o**3 - 22*o**2 + 141*o - 3155. What is s(14)?
-5
Let o(y) = y**3 - 16*y**2 - 18*y - 13. Determine o(-7).
-1014
Let s(t) = -t**3 - 16*t**2 - 26*t - 121. Determine s(-15).
44
Let j(t) = -t**2 - 1193*t - 111262. Give j(-102).
20
Let c(p) = -2*p**2 - 543*p - 36001. Give c(-156).
35
Let i(j) = -8*j**2 - 515*j - 5141. Determine i(-11).
-444
Let d(f) = f**3 + 268*f**2 + 535*f - 6. Determine d(-2).
-12
Let a(q) = 4*q**3 - 1793*q**2 - 1237*q - 49378. Give a(449).
12
Let v(d) = 55*d**2 + 714*d + 3555. Give v(-5).
1360
Let i(j) = 12863*j - 308797. What is i(24)?
-85
Let x(w) = w**3 + 67*w**2 + 1026*w - 3248. Determine x(-36).
-8
Let i(f) = f**3 - 26*f**2 - 3682*f - 105. Calculate i(-49).
238
Let h(j) = -2778*j - 86068. Determine h(-31).
50
Let n(d) = 8*d**2 - 87*d - 989. Determine n(-9).
442
Let j(f) = -f**3 - 16*f**2 - 6*f + 253. What is j(-16)?
349
Let z(x) = -156985*x - 7692258. Calculate z(-49).
7
Let r(x) = 3*x**3 + 4*x**2 + 228*x + 3110. Give r(-8).
6
Let l(d) = -d**3 + 52*d**2 + 290*d + 123. What is l(57)?
408
Let c(i) = -91230*i + 2371774. Determine c(26).
-206
Let f(w) = w**3 - 393*w**2 - 6513*w + 497. Calculate f(-16).
1
Let l(w) = -31*w**2 + 174*w + 27. Give l(6).
-45
Let g(z) = z**3 - 25*z**2 + 75*z + 63. Give g(4).
27
Let c(q) = 20*q**2 - 155*q - 16351. What is c(-25)?
24
Let r(j) = j**2 + 522*j - 23307. Give r(40).
-827
Let m(y) = 56*y**2 - 38*y + 92. Give m(-4).
1140
Let k(b) = -582*b - 50027. Determine k(-86).
25
Let g(j) = j**2 + 5559*j - 542987. What is g(96)?
-107
Let n(l) = 447*l + 32335. What is n(-72)?
151
Let s(m) = 14720*m - 132461. Calculate s(9).
19
Let u(m) = -204753*m + 5733078. Calculate u(28).
-6
Let y(q) = q**3 + 97*q**2 + 8*q + 961. Give y(-97).
185
Let g(v) = 73*v**2 - 104*v + 114. Determine g(1).
83
Let f(r) = 3*r**2 + 1092*r - 5608. Give f(-369).
-73
Let f(p) = 2101*p - 16651. Calculate f(9).
2258
Let n(g) = -2584*g - 18738. Determine n(-8).
1934
Let a(x) = -13*x**2 - 9582*x + 106224. What is a(-748)?
8
Let y(h) = -2678*h + 235509. Give y(88).
-155
Let m(g) = -3*g**2 - 755*g - 24178.